 of r.
131
Let n be (1/3)/(4/(-960)*-8). List the prime factors of 12/60 + 3118/n.
2, 3, 13
Let v(p) be the third derivative of 0*p - 16/3*p**3 - p**2 + 0 - 1/4*p**4. What are the prime factors of v(-13)?
2, 23
Let x be (-15)/10*((-15)/9 - 1). Suppose x*o = -o + 400. What are the prime factors of o?
2, 5
What are the prime factors of -122*(-12)/(-18)*-6?
2, 61
Let u be -1*(2 - 11 - -4). Suppose -u*i = -13*i + 648. What are the prime factors of i?
3
Suppose 1262 = 4*a - 2*q, 0 = -5*a - q + 879 + 709. List the prime factors of a.
317
Let d = -270 - -1421. List the prime factors of d.
1151
Let r be (-3)/(-1) - (-1)/(-1). Suppose -v + 90 = r*v. Let k = 53 - v. List the prime factors of k.
23
Let b be (-16)/(-56) + 2/(-7). Let u be b/(0 + -2 + 3). Suppose 5*s - 3*g - 87 + 15 = u, -3*g - 12 = -s. What are the prime factors of s?
3, 5
List the prime factors of 33/297 - 3041/(-9).
2, 13
Let n = 591 - 455. List the prime factors of n.
2, 17
Let i = -848 + 881. What are the prime factors of i?
3, 11
Let t(i) be the first derivative of 3 + 37/2*i**2 + i. What are the prime factors of t(1)?
2, 19
Let u(c) = c**2 + 2*c + 1. Let f be u(-2). What are the prime factors of (-390)/(-6) - (-4)/f?
3, 23
Suppose 0 = i - f - 3, -4*i - 4*f = -6*f - 22. Suppose -252 = 2*w - i*w. What are the prime factors of w?
2, 3, 7
Let y be ((-6)/(-8))/(3*1/8). Suppose 0 = 3*q + y*f - 94 - 263, f - 119 = -q. What are the prime factors of q?
7, 17
Let y = 2 + -3. Let v(s) = -2 - 81*s**2 + 44*s**2 + 73*s**2 + 3 - s. List the prime factors of v(y).
2, 19
Suppose -7 = 5*w + 18. Let r be (-1 - w)*(-1 + 2). Suppose -5*g = -3*k - g + 62, 66 = r*k + 3*g. What are the prime factors of k?
2, 3
Let h = 722 + 1143. List the prime factors of h.
5, 373
Let a = 1466 - 981. List the prime factors of a.
5, 97
Let x be 4/(-2) - -1 - -6. Let p(q) = q**2 + q**2 - 2 + x*q + 0 + 3*q. List the prime factors of p(-6).
2, 11
Let c(f) = 5 - 4*f + 6*f**2 + 2 - 7*f**2. Let v be c(-4). What are the prime factors of (2/(-3))/(v/(-735))?
2, 5, 7
Let k = -5 + 7. Let u(q) = 10*q**2 + 0*q - 9*q**2 - 4*q + 2*q**3 + 1 + 3*q. What are the prime factors of u(k)?
19
Let i be (-1647)/(-6)*(26/3 - 2). Suppose 19*r - 13*r = i. What are the prime factors of r?
5, 61
Suppose 2*s - 5*x - 885 = 0, -s + 633 - 204 = 2*x. List the prime factors of s.
3, 5, 29
Let x = -60 + 60. Suppose 0 = -x*u + 6*u - 174. List the prime factors of u.
29
Let q = -48 + 46. What are the prime factors of (-36 - 10)/(1/q)?
2, 23
Let u = -93 - -177. Let r = 146 - u. What are the prime factors of r?
2, 31
Let v(k) = -k**2 + 17*k - 6. Let y be v(13). Let b = 52 - y. List the prime factors of b.
2, 3
Suppose -4*u + 1165 = 3*o, -3*u + 256 = -5*o - 625. List the prime factors of u.
2, 73
Let q be 223 - (-3 + 0 + 2). Let d = -119 + q. Suppose 3*n - d = -3*h + 6, -n + 3*h = -57. What are the prime factors of n?
2, 3, 7
Let x(t) = -t**2 - 4*t - 2. Let o(u) = u**3 - 3*u**2 - 2*u + 4. Suppose -y = -4*v - 4*y + 9, -5*v + 19 = -4*y. Let g be o(v). List the prime factors of x(g).
2
Suppose 0 = -0*w - 6*w + 360. Let y = -18 + w. What are the prime factors of y?
2, 3, 7
Suppose 0 = 6*d + 3*d - 18. List the prime factors of -1*(d - 40*1).
2, 19
Let r = 93 - 25. Suppose -7*u + 11*u - r = 0. Suppose 2*w - w - 5*t = u, 5*w = 4*t + 127. List the prime factors of w.
3
Let h = -227 - -896. What are the prime factors of h?
3, 223
Let b = -24 - -9. Let c be -2*b/(-12)*-2. Let h(a) = a**3 - 5*a**2 + 2*a. What are the prime factors of h(c)?
2, 5
Let g = 373 - -87. List the prime factors of g.
2, 5, 23
Let s = 3931 + -2512. What are the prime factors of s?
3, 11, 43
Suppose -1130 = -9*w - 3380. What are the prime factors of (3/2)/(3 - w/(-84))?
3, 7
Let f(z) = 450*z + 67. List the prime factors of f(4).
1867
Suppose 35 = -2*w - 2*m + 1, -2*w - 4*m = 44. Let b be 15/w*-4*1. Suppose -k = 5*h - 130, -b*h = k + 3*k - 115. List the prime factors of h.
3
Suppose 78 = -4*f + 90. Suppose 987 = 5*t + r + 242, -t - f*r + 135 = 0. List the prime factors of t.
2, 3, 5
What are the prime factors of (-30346)/(-9) + (-9)/(1215/(-30))?
2, 3, 281
Suppose -5*q + 10 = 0, 371 = 4*g + 5*q - 339. List the prime factors of g.
5, 7
List the prime factors of 535*((-6)/(-5) - 0).
2, 3, 107
Let k = 464 - 244. What are the prime factors of k?
2, 5, 11
Let x(l) = -l**2 - 2*l + 171. Let f(s) = -s + 2. Let m be f(2). Let n be x(m). Suppose 59 = 5*w - n. What are the prime factors of w?
2, 23
Suppose -3*s + 10 + 2 = 0. Let z(g) = 3*g**2 - g - 2 - 2 + 1. What are the prime factors of z(s)?
41
Suppose 45 = 6*s - 3*s. What are the prime factors of s?
3, 5
Suppose 0 = 4*p + 14 + 2. Let x be (0/(4/p))/(-2). Suppose 0 = -4*g + 2*o + 192 + 30, 5*g + o - 281 = x. What are the prime factors of g?
2, 7
Let z = 51 - 47. Suppose -z*y = -y + q - 359, 5*y - 597 = -q. List the prime factors of y.
7, 17
Let f be (-20)/(-6) + 4/6. Suppose f*x - 254 = 3*n, -3*n + 49 = 5*x - 282. What are the prime factors of x?
5, 13
Let d(u) = -u**3 + 24 + 2*u**3 - 29 - 3*u. List the prime factors of d(4).
47
Suppose 4*a - 2453 - 331 = 0. Suppose 0 = 4*w - p - 706, 4*w + p + 3*p = a. What are the prime factors of w?
2, 11
Suppose 1902 = 4*p + b, -479 = -p - 2*b - 0*b. What are the prime factors of p?
5, 19
Let w(v) = v**2 - 8*v + 17. Let b be w(6). Suppose 0 = -l + 1, -4*k - 2*l + 249 = -b*l. List the prime factors of k.
3, 7
Let p(d) = -d - 1. Let q(l) = -3*l + 1. Let i(n) = -p(n) + q(n). Suppose 2*z = o - 2 + 5, -5*z - 15 = 5*o. List the prime factors of i(o).
2
Let k = -23 - -243. Suppose 3*b + k = 5*b. What are the prime factors of b?
2, 5, 11
Suppose -179*n + 183*n - 2952 = 0. List the prime factors of n.
2, 3, 41
Suppose -5*b + 2 = -8. Suppose b = 2*u - u. Suppose -5*f - 5*d = 5, 0 = f + 3*d + u*d + 13. What are the prime factors of f?
2
Let m be ((-3)/9)/1*-78. Suppose 22*j + 32 = m*j. List the prime factors of 84/j + 1/2.
11
Let d(c) = 51*c - 17. Let z be 2 - (-33)/(-15) - (-32)/10. What are the prime factors of d(z)?
2, 17
Suppose s - 4 + 0 = 0. Suppose 8 = s*a - 0*a. Suppose 0 = -a*d - d + 63. What are the prime factors of d?
3, 7
Let r = 322 - -1220. List the prime factors of r.
2, 3, 257
What are the prime factors of 29/(-25)*-3637 - (-10)/125?
4219
Let f be (-8 + 6 + -2)*-1*2. Suppose -4*h + 3*z - f*z + 195 = 0, -4*z = 4*h - 200. What are the prime factors of h?
5, 11
Let r be -3*(3 - (-404)/12). What are the prime factors of -2*1/(-2)*r/(-5)?
2, 11
Let d be 1468/14 - (-14)/98. Suppose 4*v - 97 = -p, -2*v + d = 3*v - 2*p. What are the prime factors of v?
23
Suppose -2*a = -485 - 137. List the prime factors of a.
311
Let k = 2928 + -1842. List the prime factors of k.
2, 3, 181
Suppose -3*i + 5*z = 2, 0 = i + 2*z - 5*z + 6. Suppose -4*t - i = -t, -t = 5*n - 728. What are the prime factors of n?
2, 73
Suppose 0 = 2*t - 0*t - 3*v - 7224, 0 = -2*t + v + 7228. What are the prime factors of t?
3, 5, 241
Let t(h) = 4*h - 6. Let o be t(4). List the prime factors of o/30 - (-35)/3.
2, 3
Let p(a) = a**3 + 30. Let l(b) = -b**3 + b**2 + 1. Let z(v) = 7*v**3 - 6*v**2 - v - 6. Let f(j) = 6*l(j) + z(j). Let q be f(0). List the prime factors of p(q).
2, 3, 5
Suppose 0 = h - a - 3*a + 34, -5*h - 145 = 5*a. What are the prime factors of 3/h - (-5884)/40?
3, 7
Let q(n) = -n**3 + 15*n**2 + 22*n - 7. Let j be q(15). Let b = j + -213. List the prime factors of b.
2, 5, 11
Suppose -3*i + 2*o = 135 - 1265, -362 = -i - 3*o. What are the prime factors of i?
2, 11, 17
Let d be (-38)/(-14) + (-4)/(-14). Let w(g) = 19*g**2 - 4*g + 7. Let q be w(2). Suppose d*k - q = -3*z, 5*k + 0*k - 10 = 0. What are the prime factors of z?
23
List the prime factors of (476 - 12)*186/24.
2, 29, 31
Suppose -5*a + 4*g + 152 = 0, 2*a + 4*g + 6 = 78. Let m = -47 + a. What are the prime factors of (1 + m)/((-2)/4)?
2, 7
Suppose 22*t = 13*t + 2493. What are the prime factors of t?
277
Suppose 59*s + 15834 = 72*s. List the prime factors of s.
2, 3, 7, 29
Let b(h) = -h**2 - 9*h - 6. Let t be b(-8). List the prime factors of t + (-8)/(-1 + 5) - -167.
167
Let t(a) = 310*a**2 + 11*a - 10. List the prime factors of t(1).
311
Let l(a) = 1 + 4*a + 0 + 3*a - 6*a. Let c be l(0). Let r = 9 + c. List the prime factors of r.
2, 5
Suppose 342 = f - 2*u, 2*f + 337 = 3*f - u. Suppose 176 = 